{"id":5,"date":"2020-04-27T10:07:46","date_gmt":"2020-04-27T08:07:46","guid":{"rendered":"http:\/\/dr-aline-jeancolas.fr\/?page_id=5"},"modified":"2026-02-20T14:33:44","modified_gmt":"2026-02-20T13:33:44","slug":"mesmerize","status":"publish","type":"page","link":"https:\/\/dr-aline-jeancolas.fr\/","title":{"rendered":"Front Page"},"content":{"rendered":"<div  data-label=\"Infos rendez vous\" data-id=\"about--4\" data-export-id=\"about-4\" data-category=\"about\" class=\"about-4 content-section content-section-spacing\" id=\"infos-rendez-vous\" style=\"background-color: rgb(245, 250, 253); background-image: none;\"><div  class=\"gridContainer\"> <div  class=\"row middle-sm text-center\"><div  class=\"col-sm-5 space-bottom-xs content-left-sm\" data-type=\"column\"> <h5  class=\"\">INFORMATIONS RENDEZ-VOUS<\/h5>  <p  class=\"\">Ch\u00e8res patientes, chers patients,\n<br ><br >Nous sommes actuellement en cong\u00e9s jusqu&#8217;au 2 mars.<br ><br >Afin de prendre rendez-vous, merci de nous contacter : \n<br ><br >\u2013 par t\u00e9l\u00e9phone avec le standard au 03 29 50 54 34\n<br ><br >\u2013 par mail \u00e0 aline.jeancolas@outlook.fr \n<br ><br >\u2013 directement en ligne sur le site https:\/\/rdvdentiste.net<\/p><a class=\"link\" href=\"https:\/\/rdvdentiste.net\/bruyeres\/aline-jeancolas.html\" target=\"_self\" data-cp-link=\"1\" rel=\"noopener\">rdvdentiste<\/a> <\/div> <div  class=\"col-sm-7 flexbox center-xs middle-xs image-group-2-img\"> <a data-cp-link=\"1\" href=\"#\" class=\"img-1-anchor\" target=\"_self\" rel=\"noopener\"><img  decoding=\"async\" class=\"img-1 shadow-large\" data-size=\"250x200\" src=\"http:\/\/dr-aline-jeancolas.fr\/wp-content\/uploads\/2020\/04\/cropped-illustration-vectorielle-dent-logo-design_93835-556-4.jpg\" alt=\"\" title=\"cropped-IMG_20200506_125606-scaled-1.jpg\"><\/a> <a data-cp-link=\"1\" href=\"#\" class=\"img-2-anchor\" target=\"_self\" rel=\"noopener noreferrer\"><img  decoding=\"async\" class=\"img-2 shadow-large\" data-size=\"220x170\" src=\"http:\/\/dr-aline-jeancolas.fr\/wp-content\/uploads\/2024\/04\/cropped-IMG_20240423_082738-scaled-2.jpg\" alt=\"\" title=\"cropped-Acc\u00e8s-au-cabinet-du-Dr-JEANCOLAS.jpg\"><\/a><\/div> <\/div><\/div> <\/div><div  data-label=\"Nous Trouver\" data-id=\"about--3\" data-export-id=\"about-1\" data-category=\"about\" class=\"about-1 content-section\" id=\"nous-trouver-1\" style=\"background-color: rgb(255, 255, 255);\"><div  class=\"gridContainer\"> <div  class=\"row text-center\"><div  class=\"section-title-col\" data-type=\"column\"> <h5  class=\"\">Retrouvez nous au :<\/h5> <h2  class=\"\">&nbsp;5 rue de la 36\u00e8me Division US\n<br ><br >88600 BRUYERES\n<br ><br >03 29 50 54 34<\/h2> <a class=\"button blue\" href=\"https:\/\/goo.gl\/maps\/nVZSfbuxqjAQGfY86\" target=\"_blank\" data-cp-link=\"1\" rel=\"noopener noreferrer\">Nous trouver sur GoogleMaps<\/a><p  class=\"lead\">Nos Horaires :<br ><br >Lundi : 8h15-13h00 &amp; 13h45-17h45<br ><br >Mardi : 8h15-13h00 &amp; 13h45-17h45<br ><br >Mercredi : 8h15-13h00 &amp; 13h45-17h45<br ><br >Jeudi : ferm\u00e9<br ><br >Vendredi : 8h15-13h00 &amp; 13h45-17h00<\/p><\/div> <\/div> <div  class=\"row\"> <div  class=\"button-holder space-bottom space-bottom-small\" data-type=\"column\"> <a class=\"button color1\" href=\"mailto:aline.jeancolas@outlook.fr\" target=\"_blank\" data-cp-link=\"1\" rel=\"noopener noreferrer\">Nous \u00e9crire<\/a><a class=\"button blue\" href=\"tel:+33329505434\" target=\"_self\" data-cp-link=\"1\" rel=\"noopener noreferrer\">Nous t\u00e9l\u00e9phoner<\/a><p  class=\"\">Le cabinet est accessible aux personnes \u00e0 mobilit\u00e9 r\u00e9duite<\/p><p  class=\"\">Le cabinet dispose d\u2019un parking pour le stationnement de votre v\u00e9hicule<\/p><\/div> <div  class=\"col-xs bottom-xs flexbox image-group-bottom-3-img space-bottom-xs center-xs\"> <a data-cp-link=\"1\" href=\"#\" class=\"left-img-anchor\" target=\"_self\" rel=\"noopener\"><img  decoding=\"async\" class=\"left-img shadow-large-black\" data-size=\"500x300\" src=\"http:\/\/dr-aline-jeancolas.fr\/wp-content\/uploads\/2024\/04\/cropped-IMG_20240423_121739-scaled-1.jpg\" alt=\"\" title=\"cropped-IMG_20191009_162050-scaled-6.jpg\"><\/a> <a data-cp-link=\"1\" href=\"#\" class=\"center-img-anchor\" target=\"_self\" rel=\"noopener\"><img  decoding=\"async\" class=\"center-img shadow-large-black\" data-size=\"500x300\" src=\"http:\/\/dr-aline-jeancolas.fr\/wp-content\/uploads\/2024\/04\/cropped-IMG_20240423_121456-claire-scaled-1.jpg\" alt=\"\" title=\"IMG_20240423_121456 claire\"><\/a> <a data-cp-link=\"1\" href=\"#\" class=\"right-img-anchor\" target=\"_self\" rel=\"noopener\"><img  decoding=\"async\" class=\"right-img shadow-large-black\" data-size=\"500x300\" src=\"http:\/\/dr-aline-jeancolas.fr\/wp-content\/uploads\/2024\/04\/cropped-IMG_20240423_083115-scaled-2.jpg\" alt=\"\" title=\"IMG_20240423_083115\"><\/a><\/div> <\/div><\/div> <\/div><div  data-label=\"Equipe\" data-id=\"team--2\" data-export-id=\"team-5\" data-category=\"team\" class=\"team-5 content-section content-section-spacing\" id=\"equipe-1\" style=\"background-color: rgb(255, 255, 255);\"><div  class=\"gridContainer\"> <div  class=\"row text-center\"><div  class=\"section-title-col\" data-type=\"column\"> <h2  class=\"\">Notre \u00e9quipe<\/h2> <\/div> <\/div> <div  class=\"row spaced-cols content-center-sm\" data-type=\"row\"> <div  class=\"col-xs-12 col-sm-6 col-padding col-md-6 \"> <div  class=\"row \"> <div  data-type=\"column\" class=\"col-xs-12 col-sm-12\"> <img  decoding=\"async\" class=\"round face\" src=\"http:\/\/dr-aline-jeancolas.fr\/wp-content\/uploads\/2020\/04\/cropped-afterfocus_1587982524303-2.jpg\" alt=\"\" title=\"cropped-afterfocus_1587982524303-2.jpg\"> <h4  class=\"font-500\">Docteur Aline JEANCOLAS<\/h4> <p  class=\"italic\">Dipl\u00f4m\u00e9e de la facult\u00e9 de Chirurgie dentaire de Nancy<br ><br >DU d\u2019implantologie de Dijon<\/p>   <\/div><\/div> <\/div> <div  class=\"col-xs-12 col-sm-6 col-padding col-md-6 \"> <div  class=\"row \"> <div  data-type=\"column\" class=\"col-xs-12 col-sm-12\"> <img  decoding=\"async\" class=\"round face\" src=\"http:\/\/dr-aline-jeancolas.fr\/wp-content\/uploads\/2020\/04\/cropped-laurence-3-1.jpg\" alt=\"\" title=\"cropped-laurence-3-1.jpg\"> <h4  class=\"font-500\">Laurence<\/h4> <p  class=\"italic\">Assistante Dentaire Qualifi\u00e9e<\/p>  <div  class=\"social-icons-group\" data-type=\"group\"> <a href=\"#\" target=\"_self\" data-reiki-hidden=\"true\" rel=\"noopener noreferrer\"><i  class=\"gray fa icon fa-facebook-square\"><\/i><\/a> <a href=\"#\" target=\"_self\" data-reiki-hidden=\"true\" rel=\"noopener noreferrer\"><i  class=\"gray fa icon fa-twitter-square\"><\/i><\/a> <a href=\"#\" target=\"_self\" data-reiki-hidden=\"true\" rel=\"noopener noreferrer\"><i  class=\"gray fa icon fa-linkedin-square\"><\/i><\/a> <a href=\"#\" target=\"_self\" data-reiki-hidden=\"true\" rel=\"noopener noreferrer\"><i  class=\"gray fa icon fa-google-plus-square\"><\/i><\/a><\/div> <\/div><\/div> <\/div>      <\/div> <\/div><\/div><div  data-label=\"Prothesistes\" data-id=\"content--1\" data-export-id=\"content-12\" data-category=\"content\" class=\"content-12 content-section content-section-spacing\" id=\"prothesistes\" style=\"background-color: rgb(255, 255, 255);\"><div  class=\"gridContainer\"> <div  class=\"row text-center\"><div  class=\"section-title-col\" data-type=\"column\"> <h2  class=\"\">Nos proth\u00e9sistes<\/h2> <p  class=\"lead\">Nous travaillons avec des proth\u00e9sistes fran\u00e7ais bas\u00e9s dans les Vosges. Nous avons \u00e0 coeur de vous proposer les services de ces laboratoires performants et attentifs \u00e0 vos attentes. \n<br ><br >Vous serez peut-\u00eatre amen\u00e9s \u00e0 rencontrer directement le proth\u00e9siste pour \u00e9changer avec lui sur vos pr\u00e9f\u00e9rences en mati\u00e8re de couleur et de forme de dents.<\/p><\/div> <\/div> <div  class=\"row center-xs middle-xs\"> <div  class=\"col-sm-9\" data-type=\"column\"> <img  decoding=\"async\" class=\"shadow-large\" src=\"http:\/\/dr-aline-jeancolas.fr\/wp-content\/uploads\/2020\/04\/cropped-IMG_20191009_162050-scaled-5.jpg\" alt=\"\" title=\"cropped-IMG_20191009_162050-scaled-5.jpg\"><\/div> <\/div><\/div> <\/div><div  data-label=\"Partenaires\" data-id=\"clients--1\" data-export-id=\"clients-1\" data-category=\"clients\" class=\"clients-1 content-section content-section-spacing\" id=\"partenaires-1\" style=\"background-color: rgb(245, 250, 253);\"><div  class=\"gridContainer\"> <div  class=\"row middle-sm\"><div  data-type=\"column\" class=\"col-sm-6 space-bottom-xs\"> <h2  class=\"font-700\">Nos partenaires<\/h2> <p  class=\"lead\"><\/p><\/div> <div  class=\"col-sm-6\"><div  data-type=\"row\" class=\"row spaced-cols center-xs padding-lr\"> <div  class=\"col-xs-3 col-md-4\"> <img  decoding=\"async\" src=\"http:\/\/dr-aline-jeancolas.fr\/wp-content\/uploads\/2020\/04\/cropped-index.png\" class=\"desaturate\" alt=\"\" title=\"cropped-index.png\"><p  class=\"\">Notre cabinet est heureux de travailler avec des proth\u00e9sistes Vosgiens<\/p><\/div><div  class=\"col-xs-3 col-md-4\"> <img  decoding=\"async\" src=\"http:\/\/dr-aline-jeancolas.fr\/wp-content\/uploads\/2020\/04\/cropped-03084756-1e245d000e834037bbc129e61bba6b26.jpg\" class=\"desaturate\" alt=\"\" title=\"cropped-03084756-1e245d000e834037bbc129e61bba6b26.jpg\"><a class=\"button blue\" href=\"http:\/\/www.ordre-chirurgiens-dentistes.fr\" target=\"_blank\" data-cp-link=\"1\" rel=\"noopener noreferrer\">Conseil National de l\u2019Ordre<\/a><\/div> <div  class=\"col-xs-3 col-md-4\"> <img  decoding=\"async\" src=\"http:\/\/dr-aline-jeancolas.fr\/wp-content\/uploads\/2020\/04\/cropped-images.png\" class=\"desaturate\" alt=\"\" title=\"cropped-images.png\"><a class=\"button blue\" href=\"https:\/\/www.ameli.fr\/vosges\/assure\" target=\"_blank\" data-cp-link=\"1\" rel=\"noopener noreferrer\">Assurance Maladie des Vosges<\/a><\/div>   <\/div><\/div> <\/div><\/div> <\/div>","protected":false},"excerpt":{"rendered":"<p>INFORMATIONS RENDEZ-VOUS Ch\u00e8res patientes, chers patients, Nous sommes actuellement en cong\u00e9s jusqu&#8217;au 2 mars.Afin de prendre rendez-vous, merci de nous contacter : \u2013 par t\u00e9l\u00e9phone avec le standard au 03 29 50 54 34 \u2013 par mail \u00e0 aline.jeancolas@outlook.fr \u2013 directement en ligne sur le site https:\/\/rdvdentiste.netrdvdentiste Retrouvez nous au : &nbsp;5 rue de la&hellip; <br \/> <a class=\"read-more\" href=\"https:\/\/dr-aline-jeancolas.fr\/\">Read more<\/a><\/p>\n","protected":false},"author":1,"featured_media":0,"parent":0,"menu_order":0,"comment_status":"closed","ping_status":"closed","template":"page-templates\/homepage.php","meta":{"footnotes":""},"_links":{"self":[{"href":"https:\/\/dr-aline-jeancolas.fr\/index.php?rest_route=\/wp\/v2\/pages\/5"}],"collection":[{"href":"https:\/\/dr-aline-jeancolas.fr\/index.php?rest_route=\/wp\/v2\/pages"}],"about":[{"href":"https:\/\/dr-aline-jeancolas.fr\/index.php?rest_route=\/wp\/v2\/types\/page"}],"author":[{"embeddable":true,"href":"https:\/\/dr-aline-jeancolas.fr\/index.php?rest_route=\/wp\/v2\/users\/1"}],"replies":[{"embeddable":true,"href":"https:\/\/dr-aline-jeancolas.fr\/index.php?rest_route=%2Fwp%2Fv2%2Fcomments&post=5"}],"version-history":[{"count":41,"href":"https:\/\/dr-aline-jeancolas.fr\/index.php?rest_route=\/wp\/v2\/pages\/5\/revisions"}],"predecessor-version":[{"id":218,"href":"https:\/\/dr-aline-jeancolas.fr\/index.php?rest_route=\/wp\/v2\/pages\/5\/revisions\/218"}],"wp:attachment":[{"href":"https:\/\/dr-aline-jeancolas.fr\/index.php?rest_route=%2Fwp%2Fv2%2Fmedia&parent=5"}],"curies":[{"name":"wp","href":"https:\/\/api.w.org\/{rel}","templated":true}]}}